r of s and r.
24
Let r(n) = n**3 - n**2 - n - 2. Let j be r(-2). Let o = 1 - j. Calculate the highest common factor of o and 13.
13
Suppose 0*g + 51 = 3*g. Let y(o) = -2*o**3 - o**2 + 6*o + 7. Let h be y(-3). Calculate the greatest common divisor of g and h.
17
Let n = 15 - 0. Calculate the greatest common factor of 30 and n.
15
Let o(i) = -i**2 - 2*i - 1. Let w be o(-1). Let b = 0 - w. Let s = b + 12. What is the highest common factor of s and 3?
3
Suppose -6*j + 2*a - 115 = -j, 0 = 5*j + 2*a + 135. Let u = j + 61. What is the greatest common divisor of u and 54?
18
Let r be (4/(-2) - -2) + 70. Suppose -226*x = -232*x + 168. What is the greatest common factor of x and r?
14
Suppose 7 = 3*p - 5. Suppose 0 = -p*n + 9 + 59. What is the highest common factor of 68 and n?
17
Suppose 15*p - 42 = p. Calculate the highest common divisor of 10 and p.
1
Suppose -2*d + 4 = 2*a - 2, 0 = -3*d. Let h be 0 - (-6)/(-2 + 4). Suppose 0 = -2*j + 4, -2*i + h*j + 2*j = -44. Calculate the highest common factor of a and i.
3
Suppose 45 = 5*j - v, -2*j + 56 = -4*v + 20. Suppose -34 = -3*a + 5*y - 0*y, -5*y = 10. What is the greatest common divisor of j and a?
8
Suppose -17 = -2*k - q, -5*q = -0*q - 5. Suppose 36 = 3*m + 2*r, 3*m - k*m + 60 = -r. Calculate the greatest common divisor of m and 132.
12
Suppose 0 = -f, -4*f - f - 104 = -4*k. Calculate the highest common factor of 13 and k.
13
Suppose -y + 5*u = -3*y - 60, 171 = -5*y - 2*u. Let r = y - -51. What is the greatest common factor of r and 24?
8
Let x(q) = 4*q**2 - 2. Let c be x(2). What is the greatest common factor of c and 21?
7
Let w be 2 + 3/((-9)/(-372)). Let d = -87 + w. Calculate the greatest common divisor of 26 and d.
13
Let b = -15 - 2. Let w = -7 - b. Suppose 0 = -5*h + 669 - 119. Calculate the greatest common divisor of h and w.
10
Let q be (5/3)/(2/60). Suppose 2*c = -4*c + 120. Calculate the greatest common factor of c and q.
10
Let m = -3 + 6. Suppose m*j + 2*b - 16 = 0, -18 = -5*j - b + 2*b. Calculate the highest common divisor of j and 44.
4
Suppose -2*j = 3*j - 35. Suppose 0 = -5*q + 10, -2*n - q = -n - 78. Let f = n + -41. Calculate the highest common factor of j and f.
7
Suppose 2*m = 4*b + 635 - 79, 556 = -4*b + 5*m. Let h = -95 - b. What is the highest common factor of 4 and h?
4
Let r(f) = f**3 + 5*f**2 - 4*f + 27. Let g be r(-5). What is the highest common factor of g and 470?
47
Let g = -32 + 34. Suppose 2 = -y + 3. What is the highest common divisor of y and g?
1
Let j = -21 - -24. Suppose 3*m + m + 94 = j*q, 2*q - m = 61. What is the greatest common factor of 6 and q?
6
Let a(l) = -l**2 + 36. Let g be a(0). Suppose -3*x = 3*w - 3, -3*x - 2*x = 2*w - 2. Suppose x = b - 27 + 3. What is the greatest common divisor of b and g?
12
Let w be 1/(-4) + 8071/28. Calculate the highest common factor of 32 and w.
32
Let x(t) = -t**3 - 14*t**2 - t + 4. Let v be x(-14). Calculate the highest common factor of v and 36.
18
Let u(n) = 0*n + 15 - 3*n + 5*n. Let j be u(-5). Let l = 25 + 0. What is the highest common divisor of j and l?
5
Let w = -6 - -10. What is the greatest common divisor of 20 and w?
4
Let a = -24 + 72. What is the greatest common factor of a and 6?
6
Suppose 0*a - 3*s = 4*a - 306, 2*a - 164 = 4*s. What is the greatest common divisor of 195 and a?
39
Let s = 241 - 171. What is the greatest common divisor of 14 and s?
14
Suppose 6*t - 3*t = -4*q + 199, t + 2*q - 67 = 0. What is the greatest common factor of 13 and t?
13
Let g be -1 - (-6)/(3 + -1). Let o = 163 + -159. Calculate the highest common divisor of g and o.
2
Suppose 0 = 3*h - 2 + 11. Let g(z) = z**2 + 7*z + 5. Let u be g(-5). Let n be h - -7 - 2 - u. Calculate the highest common factor of n and 7.
7
Let i be (-162)/(-6) + (0/(-1))/(-1). What is the highest common divisor of i and 216?
27
Let k = -37 - -78. Suppose -h = x - 13, 2*h + 7*x = 2*x + k. Suppose -28*q + 11*q + 340 = 0. Calculate the highest common divisor of q and h.
4
Let p = 193 + -28. What is the greatest common divisor of 30 and p?
15
Let z = 79 + -53. Suppose 3*b - b - z = 0. Calculate the highest common divisor of b and 78.
13
Let l(p) = -p + 54. Let x be l(-6). What is the highest common factor of x and 10?
10
Suppose 0 = -b + 4*t - 0*t + 10, 2*t = 3*b. Let l(v) = -v**2 + 3 - 3 - 68*v + 65*v. Let w be l(b). Calculate the greatest common divisor of 1 and w.
1
Suppose 0 = -3*z - 4 + 19. Suppose 0 = -z*b + 41 + 54. What is the highest common factor of b and 171?
19
Let y = -75 + 229. Calculate the highest common divisor of y and 22.
22
Let f(v) = -v**2 + 7*v + 7. Let q be f(6). What is the highest common factor of 26 and q?
13
Let d be ((-4)/(-4) - -153) + 0. Suppose -5*x - 50 = -0*u - 5*u, 2 = u - 3*x. Calculate the highest common factor of u and d.
14
Suppose -26 = 2*u - 314. Calculate the greatest common factor of u and 18.
18
Let f be (-3)/((-9)/147)*1. Let w = f + -28. Let p be 4/(-14) + 300/w. Calculate the highest common factor of p and 84.
14
Let n = 14 - -109. Calculate the greatest common divisor of n and 41.
41
Suppose 2*g = -8 + 88. Calculate the greatest common factor of 320 and g.
40
Let w be (-10)/(-15)*105/2. Suppose 0 = -o - 0 + 2. Suppose -o*f = 3*f - 35. Calculate the highest common divisor of f and w.
7
Let j be (46/4 - -2)*(-30 + 34). What is the greatest common divisor of 27 and j?
27
Suppose 0 = -5*h - 4 - 6. Let v = h + 24. What is the greatest common divisor of 66 and v?
22
Suppose 3*p = 5*x + 60, -x + 4 = 4*p - 76. What is the greatest common factor of 180 and p?
20
Let z(q) = -5 + 5*q**3 - q**2 + q**3 - 3*q**2 - 2*q - 7*q**3. Let c = -2 + -2. Let w be z(c). Calculate the highest common factor of w and 3.
3
Suppose -502 = -5*d + 48. What is the highest common divisor of d and 22?
22
Suppose -h - 3*a = 8, 7*a - 2*a = -5*h. Suppose -5*t + 130 + 10 = 0. Let r = t - 12. Calculate the greatest common factor of r and h.
4
Let o = 65 + -35. Calculate the highest common factor of o and 3.
3
Suppose 19 = 3*b - 26. What is the greatest common factor of 5 and b?
5
Let f be (-1)/(-2) - (-337)/(-2). Let d = f + 58. Let z = 155 + d. Calculate the greatest common divisor of 9 and z.
9
Suppose -3*u + u + 8 = 0. Calculate the greatest common divisor of 16 and u.
4
Let l be ((-11)/1)/(17/(-17)). Suppose 251 = 3*j - 46. Calculate the greatest common divisor of j and l.
11
Suppose k + 2*r - 60 = -4*k, 2*k - 2*r - 38 = 0. Suppose 164 = 3*f + k. What is the greatest common factor of 10 and f?
10
Suppose 4 = -4*a + 5*s, -3*a = -4*a + s. Suppose a*w + 3*t - 41 = -6, 2*w + 3*t = 13. Suppose 6 = 2*r + 4. What is the greatest common factor of r and w?
1
Let p be (-12)/(-2) + (1 - 0). Let m(i) = -i**2 + 9*i - 9. Let g be m(8). Let t = p - g. What is the greatest common divisor of t and 56?
8
Let h(a) be the first derivative of -a**4/4 - a**3 + a**2 - 4*a + 1. Let f = -14 - -9. Let s be h(f). Calculate the greatest common divisor of s and 24.
12
Let f be (-1)/2 + 2 + 151/2. Suppose -8 = -b - b. Let t = 11 - b. Calculate the greatest common factor of f and t.
7
Let x be -1 - ((-8)/16 + (-31)/2). Calculate the greatest common factor of x and 3.
3
Let x(p) = -1 + 2*p**3 + p**3 + 2 - 2*p**2. Let f be x(1). Suppose f*z + 12 = 2*w, -4*w + w + 46 = 4*z. Calculate the greatest common divisor of 90 and w.
10
Let r be 684/42 - 4/14. Let y = -10 + r. Calculate the greatest common divisor of y and 42.
6
Suppose -2*k = -x - 101, -3*k - 54 + 202 = 2*x. Let m be 2/(6 - 236/40). What is the highest common factor of m and k?
10
Let v be (-430)/(-6) - 2/(-6). Let s = 112 - v. What is the highest common factor of s and 10?
10
Let s be ((-4)/(-8))/((-86)/(-28) + -3). What is the highest common factor of s and 7?
7
Suppose 2*f = 118 - 22. Calculate the highest common divisor of f and 6.
6
Suppose -3*g + 3*l = -2*g - 182, 0 = 2*l + 4. What is the greatest common divisor of g and 16?
16
Let u be ((-2)/10)/((-3)/465). What is the greatest common divisor of 1 and u?
1
Let s be (-4)/10 + 84/10. Let d(a) = 6*a + 6. Let t = 19 - 8. Let j be d(t). Calculate the greatest common factor of s and j.
8
Let g be 168/27 - (-20)/(-90). Calculate the highest common factor of 42 and g.
6
Let b be (2 - 3 - -3) + 14. What is the greatest common divisor of b and 128?
16
Let s(u) = 40*u - 2. Let h be